 9*k**2 - 2*k + 119. Let x be h(-25). Suppose 0 = -32*g + 7111 + x. What is the units digit of g?
0
Let i be 19/(-5) + 108/(-15) + 7. Let n(o) = -o**2 + o + 22. Let q be n(i). Suppose -4*y + 332 = 2*p, q*p + 4 = -0*p. What is the tens digit of y?
8
What is the hundreds digit of ((-11)/(-2))/((-148)/(-271432))?
0
Suppose -23*k = -21*k - 40. Suppose -c + 4*q - k = 0, -4*c + 0*q + q = 20. What is the hundreds digit of (-550)/c - 25/(-50)?
1
Let v(g) = -3163*g - 169. What is the hundreds digit of v(-1)?
9
Let b be (1373 + (4 - 2))/(2/14). Suppose 23*f = 30*f - b. What is the units digit of f?
5
Let v = -5997 + 25948. What is the tens digit of v?
5
Let n(r) = -180*r + 6418. What is the thousands digit of n(-117)?
7
Let f be 76/(-5) + (-7)/(-35). What is the tens digit of (-20574)/(-45) + 3/f?
5
What is the units digit of 35/20 - (-293268)/16?
1
Suppose 33*x + 3*s - 95528 = 31*x, 4*x - 191054 = -5*s. What is the tens digit of x?
6
Let t = -339 + 339. Suppose 2*r + 3*z - 232 = 723, t = 4*r - 2*z - 1870. What is the tens digit of r?
7
Suppose 4*a - 24 - 44 = 0. Suppose -a*l - 22168 = -34*l. What is the tens digit of l?
0
Let p = 54650 + 10461. What is the tens digit of p?
1
Let p = 175811 - 94806. What is the units digit of p?
5
Let j(x) = x**3 + 9*x**2 + 13*x - 5. Let l be j(-7). Suppose 4*u = -3*w + 1187, 4*u + 799 = l*w - u. What is the units digit of w?
7
Let q = -114 - -26. What is the tens digit of (-16)/q + (0 - (-392)/22)?
1
Suppose 35*h - 221 = -81. Suppose -1492 = -p - 3*y + 8*y, h = 4*y. What is the thousands digit of p?
1
Let h(s) = s**3 - 23*s**2 + 18*s + 90. Let l be h(22). Suppose l*n + 10447 = 33*n. What is the tens digit of n?
3
Let t(z) = -z**3 + z**2 - 7*z - 2. Suppose 4 = -a - 2*c, -5*a = -2*c - 2 + 22. What is the tens digit of t(a)?
0
Let h be (-1)/(-2)*0/(-4). Suppose 3*f - 9 = 0, -5*m - 3*f + 7 + 17 = h. Suppose -2*x + 455 = m*x. What is the units digit of x?
1
Suppose 0 = -12*g + 32173 - 10477. What is the units digit of g?
8
Let f = -50 - -99. Let l = -29 + f. Suppose 17*r - l*r + 186 = 0. What is the units digit of r?
2
Let n = 199 - -1293. What is the thousands digit of n?
1
Let y(b) = -56*b - 74. Let c be y(-22). Suppose -c = -5*m + 3*m. What is the hundreds digit of m?
5
Suppose 0 = -4*n + 813 + 423. Let h = n - 150. What is the hundreds digit of h?
1
Let w = -691 - -1223. Suppose 0 = -2*s + 2*a + w, -3*s + 5*a + 1064 = s. What is the units digit of s?
6
Let h(f) = -2*f**2 - 8*f + 11. Let o be h(-8). Let d = o - -64. Suppose -1358 = -d*z - 3*z. What is the units digit of z?
7
Let b(j) = 4*j**2 + 14*j + 8. Let m be b(-2). Let c(o) = -21*o**3 + 5*o**2 - 5*o - 10. What is the hundreds digit of c(m)?
4
Suppose -494*g = 4*b - 490*g - 11628, -4*g = -5*b + 14589. What is the units digit of b?
3
Let x(t) = -t - 16. Let h be x(-19). Suppose -h = -2*o + 9. What is the tens digit of ((-148)/o)/(18/(-27))?
3
Let r(o) = 399*o - 2523. What is the tens digit of r(16)?
6
Let l = -234 + 45. Let s = l + 367. What is the units digit of s?
8
Suppose 3*d - 39 = 51. What is the tens digit of 537 - ((-3)/(-2) - 15/d)?
3
Let f(m) = -2*m**2 + 54*m - 256. Let r be f(6). Let z be 2 + (-2)/(-6)*3. What is the units digit of 2 + z + r + 29?
0
Let y(f) = -f**3 - 5*f**2 + 6*f + 2. Let n be y(-6). Suppose -63 = -2*v + l, -120 - 40 = -5*v + 3*l. What is the units digit of 8/n*(v - -1)?
0
Let n(r) = -r**2 + 16*r + 5. Let j be n(16). Suppose 2*p - 8736 = -j*p. What is the hundreds digit of p?
2
Suppose 177*y = 168*y + 22725. What is the thousands digit of y?
2
Let l = -45 - -48. Let x(z) = 3*z**2 + 9*z + 4*z**3 - 6*z**l + 4 - 3*z + 1. What is the hundreds digit of x(-4)?
1
Let t(i) = -369*i**2 + 11*i + 10. Let x be t(-1). Let h = 642 + x. What is the hundreds digit of h?
2
Let m(n) = 9*n**3 + 14*n**2 + 49*n + 63. What is the units digit of m(11)?
5
Suppose 5*z - a - 35561 = -8804, -3*z - 4*a + 16045 = 0. What is the thousands digit of z?
5
Let o be -6 - -98 - (2 + -1). Suppose -86*u - 70 = -o*u. What is the units digit of (-21)/u*2*-17?
1
Let g be ((-140)/42 + 2/(-3))*-469. Suppose -t - 6*t + g = 0. Let i = t + -182. What is the units digit of i?
6
Suppose -492*a + 246*a = -254*a + 176656. What is the tens digit of a?
8
Let h(c) = -c**3 - c**2 - 141*c + 59444. What is the thousands digit of h(0)?
9
Let q be (63 + -3)*10/(-45)*-6. Let g(l) = -24*l**2 - l + 1. Let p be g(1). Let v = p + q. What is the units digit of v?
6
Suppose 21 = -4*r + 3*u + 2, 0 = r - 5*u + 9. Let h(k) = 99*k**2 + 10*k + 31. What is the hundreds digit of h(r)?
5
Suppose -3*q = 3*a - 15, 2*a + 39 = 3*q - a. What is the units digit of (-2)/q - (-2834)/117?
4
Suppose 4*h - 4 = 2*v, 2*h + 2*v + 4 = -2*h. Suppose -3*t + 6 + 48 = h. Suppose -t*u = -19*u + 111. What is the units digit of u?
1
Suppose -h + 34 = 3*n - 0*h, -2*h - 53 = -5*n. Let c(b) = 8*b - 3. Let j be c(n). Suppose -l = -2*d - j, -3*l - 6*d + 211 = -d. What is the units digit of l?
7
Suppose -1557 = -5*j + a + 886, 1473 = 3*j - 3*a. Suppose 4*d = 2*w - j, -3*w + 307 + 458 = 5*d. What is the hundreds digit of w?
2
Suppose -5*g + 38 = -3*c + 5, -g = -2*c - 1. Let w(n) = 0*n**2 - n**2 - g*n - 21*n + 6*n + 4. What is the tens digit of w(-14)?
4
Suppose c - 2*h - 4 = 0, -5*c + h = -h - 4. Suppose c = 2*m - 5 - 3. Suppose k = -d + 86, m*d + 359 = 4*k + 3*d. What is the units digit of k?
9
Suppose d - 3*v = 5, 2*d + 4*v + 10 = 4*d. Let b be (-3)/d + 1/((-15)/66). Let a(j) = -8*j - 5. What is the units digit of a(b)?
5
Let t be (-19 + 16)/(2 - -1). What is the hundreds digit of 0 + (479 - (0 + -1)/t)?
4
Let y(v) = -4944*v - 1659. What is the units digit of y(-4)?
7
Let g = -4925 - -9095. What is the units digit of g?
0
Let j be (4 - 3)*-4 + 0. Let h be (-3084)/24*(j - -1*2). Let i = h - 122. What is the hundreds digit of i?
1
Suppose 18 = -2*k + 142. Suppose -3*n = -n + 3*c - k, 3*c - 136 = -4*n. What is the tens digit of n?
3
Let h = -89 - -93. Suppose -5*w + h*c - 217 = -2*w, -2*w + 2*c - 142 = 0. Let s = w + 70. What is the units digit of s?
3
Let d(l) be the first derivative of -62*l**2 - 5. Let j be d(-1). Let g = j + -81. What is the units digit of g?
3
Suppose -25160 = -5*w + 4*f, -2*w + 3*f + 3818 = -6246. What is the thousands digit of w?
5
Let z(c) = c**2 - 19*c + 25. Let d be z(18). Suppose -n = o - 1118, -5575 = d*n - 12*n - 2*o. What is the hundreds digit of (n/14)/(1/2)?
1
Let c be (-75)/6*-2 + 6. Suppose c*l = 29*l + 6. What is the units digit of l?
3
Suppose -2*b + k + 14189 - 3507 = 0, 10690 = 2*b - 5*k. What is the thousands digit of b?
5
Let l = 269 + -256. What is the hundreds digit of -7 + l + 169 + 1*-2?
1
Suppose -33*u - 7394 = 2770. What is the hundreds digit of 77/u + 3306/8?
4
Suppose 2*p + 133506 = 5*o, -5*p + 8222 = o - 18517. What is the units digit of o?
4
Let d(i) be the third derivative of i**6/120 + 11*i**5/60 + i**4/8 - 7*i**3/6 + i**2 - 7. What is the tens digit of d(-6)?
5
What is the thousands digit of 15*(-26)/(-130) + 34793/1?
4
Suppose -d = 2*l - 1186, 3*d - d + l = 2372. Suppose 4*b - d = 2*u, 2*b - 3*u - 53 - 542 = 0. What is the tens digit of b?
9
Let c(a) = -a**3 - 4*a**2 + 2*a - 2. Let d be c(-6). Let h = -44 + d. Suppose 18*o = h*o + 436. What is the units digit of o?
9
Suppose 0 = -3*b - m + 83, -2*m - 137 + 23 = -4*b. Suppose c + b = 4*r, -2*r + 6*r - 4*c - 40 = 0. Suppose 90 = -r*y + 7*y. What is the units digit of y?
0
Suppose -o = 13*o + o. Suppose 5*c - q + 32 = o, -c + 4*c + q = -24. What is the hundreds digit of -22*c/(14/15)?
1
Suppose 5*w + 32 = -3*w. Let l(j) = -j**2 + 13*j + 6. Let i(x) = x - 1. Let r(f) = w*i(f) + l(f). What is the units digit of r(8)?
8
Suppose 21*m + 2*m = -23. Let j(w) = -30*w + 2 - 52*w - 1. What is the tens digit of j(m)?
8
Let r(i) = -143*i**3 - i**2 - 2*i - 1. Let p = -30 + 29. What is the units digit of r(p)?
3
Let i = -2041 + 2897. Suppose 0 = 13*y - 15*y + i. What is the units digit of y?
8
Suppose 4*k = 3220 + 4316. Suppose -12*o + k + 1476 = 0. What is the units digit of o?
0
Let b(f) = 434*f**3 - 5*f**2 + 14*f - 2. What is the hundreds digit of b(2)?
4
Suppose 66*i = 70*i - 28. Suppose i*q - 3*l - 366 = 5*q, 0 = -3*l + 6. What is the tens digit of q?
8
Suppose 2*u - 3941 = 1091. Suppose 5*z - 3134 = b, 4*z + 2*b - u = 5*b. What is the tens di